c + 2*c + 4 + 0*c. Let z be s(-5). Let p(i) be the third derivative of 13*i**6/120 - i**5/30 + i**3/6 + 224487*i**2. Calculate p(z).
-14
Let z(w) = -47 + 2*w + 22 - w + 15. Let a(g) be the first derivative of -g**4/4 + g**3 + 3*g**2 - 2*g + 2. Let o be a(4). Give z(o).
-4
Let m(k) = -189*k. Let z(f) = 1230*f + 93. Let q(r) = 6*m(r) + z(r). Calculate q(-1).
-3
Let c(a) = -11*a**3 - 111*a**2 - 113*a - 37. Let v(u) = 7*u**3 + 71*u**2 + 75*u + 25. Let o(p) = -5*c(p) - 8*v(p). What is o(-10)?
35
Let m(y) = -14*y + 0 + 4*y - 4 - 4. Determine m(-2).
12
Suppose 3*s + 4 + 14 = 0. Suppose 2*p = 2*n - 2, -2*n + 2 = 5*p - 14. Let m(b) = -2*b**p + 7*b + 2 - 9*b + 3*b**2 - 3 + 9*b. What is m(s)?
-7
Let g(r) = r**2 - 2*r + 9. Suppose 36 = -6*i + 48. Suppose i*p - 51 = -43. Determine g(p).
17
Suppose -9 + 25 = 2*l. Let u(b) = -2*b + 1. Let a(j) = 5*j - 3. Let y(s) = 3*a(s) + 8*u(s). Give y(l).
-9
Let y(d) = 14 + 0 - 8*d + 7*d - 4*d + 9*d. Give y(5).
34
Let t(z) = z - 3. Suppose 0 = -6*f + 8*f - 6. Let i(j) = j + f*j - 23 + 14. Let s(l) = -2*i(l) + 7*t(l). What is s(-8)?
5
Let i = 55 - 32. Suppose -f + 17 = i. Let n(d) = -1 - 3 + d + 4*d + 2*d**2 - d**2. What is n(f)?
2
Let n = 22964 - 22954. Let s(p) = -p**2 + 13*p - 73. Determine s(n).
-43
Let m(j) be the first derivative of 6*j**2 - 12*j - 10503. What is m(10)?
108
Let b(h) be the third derivative of h**5/60 + 7*h**4/12 + 7*h**3 + 47*h**2 - 32. What is b(-8)?
-6
Let q(n) = -n**3 + 29*n**2 + 32*n - 61. Let y(p) = 2*p**2 + 9*p + 25. Let w be y(-5). Let i be q(w). Let v(u) = -4*u**3. Calculate v(i).
4
Let q(j) be the third derivative of -j**5/60 - 7*j**4/8 - 11*j**3/2 - 3392*j**2. Give q(-19).
5
Let h(r) = -r**3 + 5*r**2 + 6*r - 5. Let t = 55 - 51. Let b(o) = 4*o**2 - 5. Let g be b(t). Let l = g - 53. What is h(l)?
-5
Let i be 3 + 1 + -5 - (-9)/(-9). Let f(u) = 7*u + 16. What is f(i)?
2
Let x(z) be the second derivative of -3*z**2 + 1/12*z**4 + 5/6*z**3 + 0 + 4*z. Let g(q) = 96*q - 581. Let d be g(6). Give x(d).
-6
Let b(p) = 0 - 2*p + 16*p**3 - 2*p**2 + 1 + 2*p**2 + p**2 + 1. What is b(1)?
17
Let p(q) = 2*q**2 - 17*q - 1. Suppose z + z - 15 = -5*d, 5*z = -25. Suppose d = h, 0 = -2*o - 5*h + 2*h + 31. Give p(o).
-9
Let f(d) = 6*d**3 - d**2 - d. Let j(y) = 73*y**3 - 7*y**2 - 14*y + 8. Let i(h) = 12*f(h) - j(h). What is i(-6)?
16
Let j(k) be the third derivative of k**6/120 + k**5/6 + 2*k**4/3 + 7*k**3/6 - 85*k**2 + 1. Determine j(-8).
7
Let a(c) be the second derivative of -c**4/12 - 4*c**3 + 51*c**2/2 + c - 342. What is a(-25)?
26
Suppose 3*x - x = -4. Let c = 211 + -161. Let l(w) = c*w**3 - 2 + 3*w**2 - 7*w**2 + w - 52*w**3 - 4*w. Calculate l(x).
4
Let i(s) = -13*s - 116. Let t(n) = -24*n - 217. Let w(f) = -11*i(f) + 6*t(f). What is w(-17)?
-9
Let x(j) = -8*j - 63. Let z(r) = -101*r - 1118. Let c be z(-11). Give x(c).
-7
Let f be (-4)/(1/9*-2). Let p(v) = f + v - 12 - 6. Determine p(5).
5
Let w(v) be the first derivative of 5*v**2/2 - 104*v + 1269. Give w(22).
6
Suppose -1324 = -15*c - 1324. Let x(v) be the third derivative of -17/6*v**3 + c + 1/24*v**4 + 0*v - 7*v**2. What is x(8)?
-9
Let o = 2 + -5. Let l(u) be the first derivative of 2*u**2 + u**3 - 2*u**3 - 12 - 112 + 2*u**3 + 3*u. Give l(o).
18
Let l be 3/(-1) + 5 + (-3 - -8)*-3. Let q(d) = -d**2 - 14*d - 6. Determine q(l).
7
Suppose 30 = -w - 4*u, -4*w - 3*u + 71 - 113 = 0. Let i(k) = 8*k + k**3 + 8 + 2*k**2 + 5*k**2 + 2. What is i(w)?
-2
Let v(h) = -5*h + 42. Let p(q) = 2*q + 12. Let x = -14 + 12. Let o be p(x). Let j be v(o). Let f(b) = b**3 - b - 2. Give f(j).
4
Let g(w) = w - 1. Let q(f) = f**2 - 33*f + 155. Let p be q(5). Let x be 9/((-81)/p)*3. Calculate g(x).
-6
Let b(r) = 3*r**2 + 37*r - 23. Let y be b(-13). Let i = 3 - y. Let u(v) = -v**3 + v**2 - 38. What is u(i)?
-38
Let d(l) = 4*l**3 - l**2 - l + 7. Suppose 420*o - 101*o + 638 = 0. Determine d(o).
-27
Let v(g) = g + 1. Let k(h) = h**3 - 10*h**2 - 44*h + 73. Let a be k(13). What is v(a)?
9
Let f be 60/55 + 140/(-693) + 1/9. Let w(d) = -23*d**3 - 2. Determine w(f).
-25
Let k(o) = -4*o + 6. Let d(b) = b + 13. Let n(v) = 3*v + 21. Let z(m) = -7*d(m) + 4*n(m). Let a(s) = -7*k(s) - 6*z(s). Let x = 6 + -4. What is a(x)?
-4
Let r(z) = z**2 + 251*z + 2412. Let l be r(-10). Let h(w) = -7*w**2 - 2*w - 1. Calculate h(l).
-33
Let d(m) = -340 - 335 - 337 - 337 - 23*m + 1346. What is d(-4)?
89
Let d = 7750 - 7753. Let k(m) = m**3 + 3*m**2 - 6*m - 27. What is k(d)?
-9
Let o(a) = a**3 - 7*a**2 - 21*a + 76. Let k be o(8). Let w be k/(-7) + -3 - -3. Let h(d) = 2*d - 8. Determine h(w).
0
Let q(v) be the third derivative of -3*v**2 - 8*v - 5/6*v**3 + 0 + 1/24*v**4. Determine q(8).
3
Let k = 21650 - 21634. Let v(s) be the third derivative of 1/120*s**6 - 7/6*s**3 + 0 + 11/60*s**5 + 3/8*s**4 - 2*s - k*s**2. What is v(-10)?
3
Let i be (-8)/36*12*(-27)/12. Suppose i = 19*h - 70. Let s(p) = 2*p**2 - 1 - 5*p + 4 - p**2. Give s(h).
-1
Let k(h) = -h**3 + 11*h**2 - 5*h - 5. Let l be k(10). Let y = l + -44. Let t(r) = -3 + 4*r**3 + 3*r**2 - r**2 + y - 3*r**3. What is t(-2)?
-2
Let b be -42*(2/4 + 7/6*-1). Let j(q) = q**2 - 30*q + 81. Calculate j(b).
25
Let c(r) = 5*r - 11*r**2 + 3*r**3 - 16*r - 4*r**3 - 7. Suppose -2 = -4*w - 27*w - 312. What is c(w)?
3
Let x be ((-84)/(-18) + -5)*-18. Let u(p) = -9 + 8 + 3*p**2 - 5*p**2 + x*p. Calculate u(4).
-9
Let y(h) be the second derivative of -h**5/120 - h**4/12 + 58*h**3/3 - 172*h. Let k(o) be the second derivative of y(o). What is k(1)?
-3
Suppose 5*t - 3*t = 14. Let a(m) = 2*m**2 - 17*m + 9. Let o(f) = -f**2 + 7*f - 4. Let y(b) = t*o(b) + 3*a(b). Calculate y(-1).
0
Let f(m) = 5*m - 73. Suppose -3931*y + 3913*y - 22 = -238. Give f(y).
-13
Let a(g) = -2*g**3 - 6*g**2 - g + 4. Let c be -1 - 2 - 2/2. Calculate a(c).
40
Let m(x) = -59*x**3 - 47*x**2 - 63*x + 55. Let b(w) = -43*w**3 - 35*w**2 - 47*w + 41. Let k(i) = -11*b(i) + 8*m(i). What is k(-6)?
19
Let q(p) be the second derivative of -2*p**3/3 - 15*p**2 + p - 218. Let o be q(-6). Let g(j) = -6*j. Calculate g(o).
36
Let q(g) = 36 + 8*g - 262 + 81 + 64. Calculate q(11).
7
Let b(j) be the third derivative of 1/120*j**6 + 0 - 36*j**2 + 3/2*j**3 - 17/60*j**5 + j + 2/3*j**4. Calculate b(16).
9
Let w(l) = l**3 + 9*l**2 + 8*l + 1. Suppose 19*h - 2891 - 2638 = 0. Suppose -7*b + h = 347. Calculate w(b).
1
Let b(i) = 4*i + 14. Suppose 3*a = 5*t - 5, -92 + 84 = 4*t. Determine b(a).
-6
Suppose -46*i = -27*i + 589. Let h(q) = q + 49. Let a be h(i). Let g(c) = -c**2 + 18*c - 5. Determine g(a).
-5
Let m(q) = 6*q + 8. Let r(y) = -13*y - 17. Let g(b) = -5*m(b) - 2*r(b). Suppose f - 12*d = -10*d - 5, 4*f = -4*d - 8. Calculate g(f).
6
Let h(f) = f**3 - 8*f**2 + 8*f - 4. Let g be h(6). Let p be (-6)/(-21) + (-132)/g. Let m(u) = -1105 - u + 2214 - 1106. Calculate m(p).
-2
Let q(m) be the first derivative of -m**4/2 + m**3 + 3*m**2/2 + 1. Suppose -y + 3*b + 33 = 2*y, -4*b - 50 = -5*y. Suppose y + 18 = 8*l. Calculate q(l).
-18
Let h = -78 + 85. Suppose 0 = h*z - 12*z. Let l(g) = 11*g**2 - 11*g + 6. Let k(d) = 5*d**2 - 5*d + 3. Let c(t) = 9*k(t) - 4*l(t). What is c(z)?
3
Let s(m) be the first derivative of -m**4/4 - 2*m**3/3 - m**2 - 1. Suppose -26 = -5*q + 15*a - 6*a, 28 = -4*q - 5*a. What is s(q)?
4
Let z(q) be the third derivative of q**5/60 - q**4/6 - 7*q**3/6 - 10*q**2 + 17*q. What is z(6)?
5
Let g(u) = u**2 + 148*u - 1098. Let f be g(7). Let x(y) = -2*y**3 - 23*y**2 + 37*y - 16. Determine x(f).
10
Suppose -6*a + 88 = 2*a. Let i(u) = 12 - a - u**2 + 0*u**3 - 2*u**3. Let x(y) = y - 28. Let o be x(29). What is i(o)?
-2
Let r(g) = -g. Let v(a) = 5*a - 8 + 2*a - 13. Let q(h) = 5*h - 14. Let i(l) = -8*q(l) + 5*v(l). Let z be i(3). What is r(z)?
8
Let g(c) = 16*c + 4. Let t be g(0). Let u(p) = 280*p - 49. Let s(f) = 23*f - 4. Let r(a) = t*u(a) - 49*s(a). What is r(3)?
-21
Let i(v) = -v**2 - 4*v - 5. Let c be (-4 + -3 + 8)*-1. Let q be (-88)/28 - c/7. Let j be q*((-30)/(-18) + 0). Determine i(j).
-10
Let i(h) be the third derivative of -h**7/1680 - h**6/90 + 49*h**5/60 + 15*h**2. Let p(d) be the third derivative of i(d). What is p(-7)?
13
Let x(f) = 17*f + 8. Suppose -p + 8 = 3*h + 3*p, -5*h + 25 = -5*p. Give x(h).
76
Suppose 1 + 7 = 4*h. Let d(n) = h - n - 8 + 0. Suppose -2*x - 9*g = -5*g + 8, 0 = -4*x + 4*g - 16. Give d(x).
-2
Let y(c) = -c**3 + 8*c